n t is divided by i.
6
Suppose -3*v + 3*s = -21, -3*s - 11 = 2*v - 0*s. Suppose -5*b + 2*x + 2*x = -54, 0 = -5*b + v*x + 62. Calculate the remainder when b is divided by 4.
2
Suppose 0*q = -k - 5*q + 8, k - 2*q = 8. Suppose 16 = -4*b, 0 = 2*m - 0*m + 5*b + 18. What is the remainder when -3 - (m/1 + -27) is divided by k?
7
Suppose 0*r = 4*r. Suppose 3*g = s + 21, r = 5*g + 2*s - 4*s - 36. Calculate the remainder when g is divided by 4.
2
Let p(c) = -c**3 + c**2 + 11. Suppose 0 = -4*h + 98 + 26. Calculate the remainder when h is divided by p(0).
9
Suppose 4*b - 29 = -3*i + 12, 0 = -3*i - 3. What is the remainder when 64 is divided by b?
9
Let s(i) = 2*i**2 - 5*i - 2. Let g(a) = -a - a**3 - 2*a - 5*a**2 + 2 + a. Calculate the remainder when s(5) is divided by g(-5).
11
Suppose 5*h - 22 = -3*i, -8 = 4*h - 5*i + 4. What is the remainder when 23 is divided by (2 - -8) + h*1?
11
Let n = 125 - 124. What is the remainder when 9 is divided by n?
0
Let x = -35 + 55. Suppose 4*j = -0*j + x. Suppose -q = 2*g - 6*q - 35, 65 = j*g - 5*q. Calculate the remainder when 38 is divided by g.
8
Let a(q) = -2*q - 1. Let k be a(-2). Suppose -k*d = 2*d - 3*c - 101, 0 = 5*d + c - 113. Let s = -74 + 139. What is the remainder when s is divided by d?
21
Suppose -4*q - 5*w + 55 = 0, -q - 16 = -2*q + w. Calculate the remainder when 54 is divided by q.
9
Let l = -156 + 197. What is the remainder when 79 is divided by l?
38
What is the remainder when 62 is divided by (-13)/(234/12) - (-100)/6?
14
Suppose 5 = 5*z - 15. Suppose -5*j = -4*x - 90, -z*x - 47 = -3*j - 3*x. What is the remainder when 68 is divided by j?
12
Suppose -7*f = -11*f + 244. Calculate the remainder when f is divided by 31.
30
Let c(o) = -o**3 + 11*o**2 - 11*o + 43. Calculate the remainder when c(10) is divided by 18.
15
Calculate the remainder when (280/6)/(2/15) is divided by 44.
42
Suppose 0 = 3*h + 6, -h = 2*y - 3*h - 54. Let w(q) = 11*q - 1. Let u be w(-7). What is the remainder when y is divided by (-2)/3*u/4?
12
Suppose 4*r - n = 49, 4*r - n = -3*n + 58. Calculate the remainder when 38 is divided by r.
12
Calculate the remainder when 454/8 + (-11)/(-44) is divided by 15.
12
Let g(y) = -y**3 - 3*y**2 + y + 1. Calculate the remainder when 24 is divided by g(-4).
11
Suppose -27 + 107 = 16*z. Calculate the remainder when 54/4 + (-2)/4 is divided by z.
3
Suppose -w - 10 + 4 = 0. What is the remainder when 26 is divided by (w + 0)/2 + 12?
8
Let w = 31 + 4. Calculate the remainder when 172 is divided by w.
32
Suppose -3*l - q = -3, 4*l - 3*q - 14 = -q. What is the remainder when ((-37)/l)/((-2)/4) is divided by 8?
5
Suppose c + 18 = 4*c. Suppose -c*x + 32 = -x - 3*g, 0 = -3*x + 3*g + 24. Let j(l) = -2*l - 11. What is the remainder when x is divided by j(-7)?
1
What is the remainder when -3 + 0 + 38 + 3 is divided by 14?
10
Suppose -5*g + 195 = -5*o, 6*g + 2*o - 167 = g. Let l = -25 - -35. Calculate the remainder when 2*g*10/25 is divided by l.
8
Suppose -8*j = x - 3*j - 28, -2*j = -4*x + 2. Suppose 2*d - 16 = 2*a, 5*d - 4*d + 4*a = x. Calculate the remainder when 19 is divided by d.
5
Suppose -z = -4*z - 5*x + 214, 5*z - 5*x - 330 = 0. Let c = 37 + -14. Calculate the remainder when z is divided by c.
22
Let h = -1 - -3. Suppose z - h = 4*z + 4*l, -l + 3 = -z. Calculate the remainder when 0 - (1 - (-36)/z) is divided by 9.
8
Suppose 0 - 10 = -2*j. Suppose -s = -x + 16, j*x + 5*s = 4*s + 98. Suppose u - x = 6. What is the remainder when u is divided by 13?
12
Let v = 56 - 33. What is the remainder when 89 is divided by v?
20
Let u be 46/8 - 3/(-12). Let h be (-3)/(-6) + 33/u. Suppose 0*y - y = -h. Calculate the remainder when y is divided by 4.
2
Let k = 6 + -7. What is the remainder when 67 - (-3 - k)/(-2) is divided by 17?
15
Suppose -6*s + 65 = -5*s. Calculate the remainder when s is divided by 22.
21
Let t(g) be the third derivative of -g**4/6 + 2*g**3/3 + g**2. Calculate the remainder when (60 - -2)*2/4 is divided by t(-3).
15
Let b(c) = -c**3 - 7*c**2 + 9*c + 9. Let y be b(-7). Calculate the remainder when (y/8)/((-6)/16) is divided by 5.
3
Let c = 8 + -1. Let f(j) = -j**2 + 10*j - 2. Calculate the remainder when 37 is divided by f(c).
18
Suppose 0 = 3*n - 9 - 6. Suppose n = 4*m - 59. Calculate the remainder when m is divided by (2/3)/(6/81).
7
Calculate the remainder when 1970/6 - (-3)/(-9) is divided by 55.
53
Let p = -12 + 17. What is the remainder when 23 is divided by p/((-10)/(-16)) - 0?
7
Let v = 129 - 83. Calculate the remainder when v is divided by 17.
12
Suppose 4*g + i = -78, -2*i = g - 0*g + 16. Let a = -5 - g. What is the remainder when 73 is divided by a?
13
Let n be (6/5)/(7/35). Suppose -h = -n*h + 115. What is the remainder when 66 is divided by h?
20
Suppose 5*m = 5*r - 0*m - 45, 3*r + 5*m - 19 = 0. Let f = 5 + r. Calculate the remainder when 25 is divided by f.
12
Let s be 6*-20*1/3. Suppose -5*p + 0*p = -125. Calculate the remainder when p is divided by (-1)/3 + s/(-3).
12
Suppose g - 1 = -6. Let x be 2/(g - -3) - -5. Suppose -x*p = -64 + 4. Calculate the remainder when p is divided by 8.
7
Suppose -d + 14 + 29 = 3*w, -2*d = -w + 19. Calculate the remainder when 28 is divided by w.
13
What is the remainder when 1/(-1 - 248/(-244)) is divided by 16?
13
Suppose -h = -150 - 8. What is the remainder when h is divided by 40?
38
What is the remainder when (-4)/(16/(-35))*4 is divided by 9?
8
Calculate the remainder when ((-4)/4)/((-1)/21) is divided by 6.
3
Let z be (3 - (6 - 3))/(-1). Let n = 4 - z. What is the remainder when 13 is divided by n?
1
Let p = 1 + 3. Suppose 6*g - 2*g = -q + 125, p*q - 20 = 0. What is the remainder when g is divided by 8?
6
Let z(k) = -k**3 - 7*k**2 - 7*k - 4. What is the remainder when 4 is divided by z(-6)?
0
What is the remainder when (188/10 - 1/(-5))/1 is divided by 15?
4
Let k(p) = -4*p + 5. Let f(s) = -5*s + 4. Let o(r) = 5*f(r) - 6*k(r). Let v be o(-6). Calculate the remainder when 58 is divided by 2/(v/(-2)) - -19.
18
Let u(g) = -g**3 + 14*g**2 + g - 8. What is the remainder when 46 is divided by u(14)?
4
Let o(v) = 3*v**2 + v. Let i be o(-1). Suppose 3*t + 33 = 2*r, 0*t = 2*r + i*t - 28. Calculate the remainder when r is divided by 6.
3
Suppose -5*c + 54 = 14. What is the remainder when 26 is divided by c?
2
What is the remainder when 31 is divided by 18 + 3/1 + -4?
14
Suppose 0*j + 14 = j. Calculate the remainder when 26 is divided by j.
12
Calculate the remainder when (-4)/((-12)/171) - -4 is divided by 31.
30
Let v(o) = 2*o**2 + 3*o + 2. Let m be v(-4). Let p(w) = w**2 + 3*w + 1. What is the remainder when p(-6) is divided by -1 + (-3)/((-6)/m)?
9
Let d(x) = x**3 - x**2 + 5. Let p(b) = 2*b + 3. Calculate the remainder when p(3) is divided by d(0).
4
Suppose 27 = -3*m + 114. Calculate the remainder when 82 is divided by m.
24
Let o = -1 + 2. Suppose 0 = w + 2, 0*p + 5*w + 2 = 2*p. Let i = -2 - p. What is the remainder when i is divided by o?
0
Suppose 5*c = -2*x - 4, 3*x - 4*x - 2 = -4*c. Let n be (-1)/((-1)/(-6)) - c. What is the remainder when n/(-4)*(-148)/(-6) is divided by 20?
17
Calculate the remainder when (-22)/(-165) - (-34)/(-30)*-59 is divided by 3.
1
Suppose 21 = -c + 1. Let q = -4 - c. Calculate the remainder when 30 is divided by q.
14
Let h(w) = w**2 + 17*w + 18. Calculate the remainder when h(-18) is divided by 10.
6
Let p = -342 + 356. Calculate the remainder when p is divided by ((-3)/2)/(3/(-8)).
2
Suppose -3*l - 5*k = 133, 3*k = 3*l + k + 140. Suppose -b - 6 = -3*r, 5*b + 9*r = 4*r + 50. Calculate the remainder when b is divided by l/(-14) - (-4)/(-14).
0
Suppose -r = -6*r - 10, -3*h = -3*r - 42. Let y = -3 + 6. Suppose -3*a + 3*x + 6 = 0, -y*x - h - 1 = -4*a. What is the remainder when 20 is divided by a?
6
Suppose -3*d = 9 + 6, c - 116 = 2*d. Calculate the remainder when c is divided by 27.
25
Suppose 2*w + 11 = 3*q, 0 = q + 4*w - 9*w - 8. Suppose 4*c - 4*z - 32 = 0, q*c + c + 4*z = 8. Calculate the remainder when c is divided by 6/(-21) - (-46)/14.
2
Let z(n) = -n**3 + 4*n - 1. Let l(k) = k**2. Let o(f) = -4*l(f) - z(f). Suppose 0 = 2*b - b - 21. Calculate the remainder when b is divided by o(5).
3
Suppose -w = -35 - 23. Let r(j) = j**3 + 5*j**2 - 4*j. Let c(a) = -a**2 - 4*a - 5. Let q be c(-4). What is the remainder whe